175
Let h(m) = 48*m**2 - 89*m + 158. Determine h(2).
172
Let v(i) = -47*i**2 + 4935*i - 32. Determine v(105).
-32
Let u(w) = 41*w + 354. Give u(-15).
-261
Let d(y) = -403*y**2 + 4028*y + 34. Give d(10).
14
Let j(v) = -2*v**3 + 33*v**2 + 299*v - 19. Give j(23).
-19
Let l(w) = -w**3 + 48*w**2 + 100*w - 171. What is l(50)?
-171
Let j(b) = -2*b**3 - 81*b**2 - 38*b - 38. What is j(-40)?
-118
Let c(y) = -1009*y + 50435. Determine c(50).
-15
Let j(d) = -3*d**2 - 29*d - 33. Determine j(-12).
-117
Let k(r) = 8*r**2 - 127*r - 300. Give k(18).
6
Let w(k) = 342*k - 36934. What is w(108)?
2
Let w(h) = 3*h**2 - 59*h - 40. Calculate w(25).
360
Let p(z) = -3*z**2 - 9*z. Give p(4).
-84
Let o(f) = 11*f - 131. Calculate o(14).
23
Let m(c) = -c**3 - 22*c**2 + 8*c - 30. What is m(-22)?
-206
Let j(u) = -u**2 + 10*u - 25. What is j(11)?
-36
Let l(v) = -v + 160. Calculate l(-44).
204
Let c(u) = -u**3 - 15*u**2 + 9*u - 2. What is c(-13)?
-457
Let v(n) = -n**2 + 114*n + 8396. Determine v(165).
-19
Let w(v) = 126*v**3 - 4*v**2 - 3*v + 1. What is w(-1)?
-126
Let g(n) = -327*n + 2103. Determine g(7).
-186
Let b(a) = -a**2 - 41*a + 204. What is b(-47)?
-78
Let y(m) = 4*m**2 + 45*m + 25. Give y(-11).
14
Let u(g) = -37*g + 528. Determine u(16).
-64
Let v(n) = 2*n**2 - 49*n + 257. Calculate v(6).
35
Let a(n) = -n**2 + 18*n + 35. What is a(24)?
-109
Let o(n) = -82*n - 5900. What is o(-73)?
86
Let h(u) = 441*u - 4413. What is h(10)?
-3
Let v(g) = g**3 - 28*g**2 + 123*g - 2585. Give v(27).
7
Let f(o) = o**3 - 35*o**2 - 561*o - 129. Give f(47).
12
Let j(v) = -v**3 - 17*v**2 + 2. What is j(-17)?
2
Let r(k) = k**3 - 5*k**2 + 29*k - 434. Determine r(8).
-10
Let w(a) = 128*a + 123. What is w(-1)?
-5
Let b(p) = -p**2 + 1681*p + 53073. What is b(-31)?
1
Let w(h) = 55*h - 121. What is w(3)?
44
Let k(s) = -11*s - 515. What is k(-48)?
13
Let d(h) = 6*h**2 + 94*h - 1193. Determine d(-24).
7
Let m(u) = 12*u**2 + 416*u - 145. Give m(-35).
-5
Let o(b) = -b**2 - 70*b - 1122. Calculate o(-26).
22
Let q(a) = -a**2 + 301*a - 1483. Calculate q(5).
-3
Let p(s) = s**3 + 9*s**2 - 243*s + 81. Calculate p(-21).
-108
Let g(u) = 2*u**2 - 20*u - 29. What is g(16)?
163
Let f(p) = 48*p - 312. Give f(8).
72
Let f(i) = -104*i - 72. Determine f(-3).
240
Let x(n) = 24*n + 240. Give x(-9).
24
Let o(q) = -q**3 + 40*q**2 + 9*q - 366. What is o(40)?
-6
Let r(d) = -10*d - 323. Calculate r(-29).
-33
Let x(j) = -j**3 - 4*j**2 - 5*j + 2. Determine x(-8).
298
Let p(a) = 57*a - 1692. Give p(29).
-39
Let q(u) = 29*u + 990. Calculate q(-34).
4
Let k(j) = 6*j**2 + 62*j - 190. Determine k(3).
50
Let z(y) = 5*y + 2. Determine z(0).
2
Let m(i) = -i + 59. What is m(3)?
56
Let v(j) = -61*j + 65. Determine v(6).
-301
Let d(r) = -95*r + 1139. Calculate d(12).
-1
Let j(q) = -6*q**3 - 2*q**2 + 12*q + 41. What is j(3)?
-103
Let h(d) = -119*d - 12027. What is h(-101)?
-8
Let q(m) = -32*m - 973. Calculate q(-35).
147
Let z(j) = 9*j + 57. Determine z(1).
66
Let p(m) = -660*m + 1344. Calculate p(2).
24
Let m(d) = 30*d - 437. Give m(15).
13
Let i(v) = -v**3 + 12*v**2 + 13*v - 158. What is i(12)?
-2
Let c(x) = 5*x**3 + 12*x + 8. Calculate c(-4).
-360
Let s(b) = -b**2 + 67*b - 306. What is s(10)?
264
Let f(c) = 3*c**2 + 11*c + 54. Calculate f(0).
54
Let c(i) = -3*i**2 + 15*i - 500. Give c(0).
-500
Let m(y) = -350*y + 7. Calculate m(-1).
357
Let y(u) = -1736*u - 3481. Give y(-2).
-9
Let u(p) = -10*p**2 + 592*p - 101. Calculate u(59).
17
Let v(l) = 87*l + 3573. What is v(-39)?
180
Let m(t) = -3*t**3 + 15*t**2 - 52*t + 36. Determine m(8).
-956
Let c(i) = 225*i - 467. What is c(3)?
208
Let r(c) = c**3 - 7*c**2 + 10*c - 65. Give r(7).
5
Let q(b) = 318*b - 250. Determine q(0).
-250
Let h(k) = -27*k + 454. Determine h(13).
103
Let a(g) = -g**3 - 22*g**2 - 67*g - 642. Give a(-20).
-102
Let t(o) = 3*o**2 + 157*o - 30. Determine t(-53).
76
Let c(u) = 140*u - 561. Determine c(4).
-1
Let p(s) = -s**2 + 136*s + 1314. Give p(-9).
9
Let a(s) = -35*s - 113. What is a(-12)?
307
Let x(r) = -r**2 + 5*r + 414. Determine x(23).
0
Let r(g) = -697*g + 32063. What is r(46)?
1
Let w(d) = 2834*d + 73688. Determine w(-26).
4
Let n(p) = 82*p + 8774. Give n(-107).
0
Let j(x) = 5*x - 146. Give j(31).
9
Let p(a) = -2*a**2 - 43*a + 166. What is p(-25)?
-9
Let r(k) = -242*k + 1793. Calculate r(7).
99
Let l(v) = 76*v**3 - 2*v**2 - 3*v - 3. Determine l(-1).
-78
Let y(h) = h**3 + 33*h**2 + 202*h + 18. Determine y(-12).
618
Let q(t) = -234*t - 229. Give q(-1).
5
Let y(z) = 38*z**2 + 347*z + 698. What is y(-2)?
156
Let j(a) = 96*a - 316. Give j(3).
-28
Let j(w) = -6*w**3 - 300*w**2 - 294*w - 5. Determine j(-49).
-5
Let i(m) = -437*m - 197957. Determine i(-453).
4
Let q(j) = 2228*j - 222797. What is q(100)?
3
Let q(t) = -t**3 + 68*t**2 - 113*t - 1268. Determine q(66).
-14
Let h(n) = -n**3 + 18*n**2 - 43*n - 57. What is h(15)?
-27
Let w(h) = -h**3 - 6*h**2 - 517*h - 3680. Give w(-7).
-12
Let h(g) = -g**3 + 19*g**2 + 60*g + 141. Calculate h(22).
9
Let k(q) = 40*q**3 + 2*q**2 + 4*q + 1. Give k(-2).
-319
Let x(j) = -7*j + 157. Calculate x(18).
31
Let k(p) = 9*p**2 + 801*p + 3. Calculate k(-89).
3
Let o(x) = 2*x**3 - 35*x**2 - 22*x + 17. What is o(18)?
-55
Let p(c) = 177*c**3 - 5*c**2 + 4*c + 8. Give p(-1).
-178
Let a(n) = 19*n**2 - 522*n - 303. What is a(28)?
-23
Let x(u) = -2*u**3 - u**2 - 28*u - 59. What is x(-2)?
9
Let r(c) = c**3 + 2*c**2 - 23*c - 1. Calculate r(-6).
-7
Let i(c) = -2*c**2 + 53*c - 310. Determine i(18).
-4
Let p(x) = 129*x + 3. Give p(-1).
-126
Let w(h) = 26*h - 214. Give w(7).
-32
Let f(i) = i**3 - 3*i**2 - i - 19. What is f(4)?
-7
Let y(w) = -w**3 + 4*w**2 + 15*w - 29. Calculate y(9).
-299
Let y(l) = 26*l**2 + 29*l - 3. Calculate y(-1).
-6
Let c(z) = -15*z**2 - 17*z - 6. Determine c(-2).
-32
Let u(f) = 10*f**2 + 60*f + 109. Give u(-6).
109
Let l(q) = 5*q**3 - 36*q**2 - 35*q + 28. Give l(8).
4
Let x(m) = 305*m**2 - 2*m - 1. Give x(-1).
306
Let c(n) = -6*n**2 + 260*n - 118. Determine c(43).
-32
Let b(z) = 11*z**2 + 6*z + 2. What is b(2)?
58
Let o(b) = 36*b - 2456. What is o(70)?
64
Let f(r) = 3*r**2 + 149*r + 98. Calculate f(-52).
462
Let h(w) = -w**2 - 53*w - 612. Calculate h(-17).
0
Let k(b) = -34*b**2 - 1837*b - 4. Determine k(-54).
50
Let i(r) = 63*r + 2509. What is i(-40)?
-11
Let p(x) = 2916*x + 20421. Calculate p(-7).
9
Let h(s) = -14*s**2 + 25*s - 1. What is h(3)?
-52
Let b(o) = 2*o**3 + 191. Determine b(0).
191
Let q(l) = 2*l**2 + 12*l - 2292. Give q(31).
2
Let x(z) = 54*z - 60. Give x(1).
-6
Let k(n) = 37*n**2 - 53*n + 13. Give k(1).
-3
Let g(c) = 409*c + 11824. What is g(-29)?
-37
Let y(m) = -2*m**2 - 1619*m + 6456. Determine y(4).
-52
Let m(l) = 15*l**2 - 17*l + 33. Calculate m(1).
31
Let i(x) = -6*x**3 + 370*x**2 + 118*x + 385. Calculate i(62).
13
Let t(c) = 3*c**2 + 44*c - 128. Calculate t(3).
31
Let r(d) = -5*d**2 + 293*d + 1. Determine r(0).
1
Let w(s) = 72*s - 622. Calculate w(9).
26
Let u(l) = -l**3 - 32*l**2 - 148*l + 214. Give u(-26).
6
Let h(y) = -108*y + 868. Calculate h(8).
4
Let b(u) = 128*u - 1452. Calculate b(11).
-44
Let b(m) = m**2 - 31*m + 89. What is b(3)?
5
Let k(f) = f**3 - 25*f**2 - 79*f + 669. Determine k(27).
-6
Let l(b) = 147*b**3 + 3*b**2 + 2*b - 1. What is l(-1)?
-147
Let l(h) = -h**2 - 32*h + 1131. Give l(22).
-57
Let u(y) = -y**3 + 5*y**2 + 125*y - 271. Determine u(13).
2
Let n(a) = -2*a**3 + 3*a**2 + 93*a - 192. Calculate n(2).
-10
Let u(o) = -338*o + 1020. Determine u(3).
6
Let p(h) = -3421*h + 23946. Calculate p(7).
-1
Let z(m) = m**3 + 24*m**2 + 66*m + 8. Determine z(-3).
-1
Let b(n) = 19*n - 217. Determine b(19).
144
Let t(l) = l**3 + 8*l**2 + 7*l - 12. Give t(-7).
-12
Let g(m) = -996*m - 990. Determine g(-1).
6
Let m(d) = 54*d**2 - 7994*d + 283. What is m(148)?
-13
Let s(c) = 13*c + 117. What is s(2)?
143
Let w(v) = 249*v + 11483. What is w(-46)?
29
Let b(z) = 3*z**3 + 169*z**2 - 115*z - 39. Determine b(-57).
18
Let z(j) = 141*j - 3814. What is z(27)?
-7
Let b(v) = 6*v - 143. What is b(17)?
-41
Let l(g) = 12*g - 359. Calculate l(28).
-23
Let b(c) = 3*c**2 - 86*c + 506. What is b(10)?
-54
Let r(o) = 3*o**2 - 198*o + 2400. Calculate r(50).
0
Let r(l) = l**3 - 5*l**2 + 13*l + 3. Give r(7).
192
Let x(q) = -q**3 - 40*q**2 - 78*q - 52. What is x(-38)?
24
Let k(l) = 3*l**2 + 62*l - 36. Calculate k(-22).
52
Let y(z) = z*